) = -r**3 - 16*r**2 - 41*r - 23. Is w(-21) composite?
True
Let o = 30 + -35. Is (114/(-15))/(1/o) a prime number?
False
Let u(i) = -i**3 + 2*i + 1. Suppose 2 = 3*h - 4*h. Let k be u(h). Suppose 10*w - 485 = k*w. Is w a prime number?
True
Suppose 5*v - 1433 = r, -193 = -2*v - 5*r + 364. Suppose -2*j = 3*h - v - 401, -4*j = -h - 1381. Suppose 3*n - 34 + 241 = 3*s, -5*s = n - j. Is s composite?
True
Let z be (-4)/(-3) + 45/27. Suppose -2*v + 60 + 14 = z*y, y - v - 18 = 0. Is y prime?
False
Let b be (-2)/3 - 8339/(-3). Suppose -2754 = -2*z + 2*o, 0*z - 3*o = 2*z - b. Is z prime?
False
Is 536 + 3*-1*(4 - 3) a composite number?
True
Let h(n) be the first derivative of -754*n**2 - n + 6. Is h(-1) a prime number?
False
Let r(d) = 5*d**2 - 34*d - 114. Is r(-35) prime?
False
Suppose -2*g + 21 = c, 0*c - 137 = -5*c - 2*g. Is ((-80)/(-8))/(2/c) prime?
False
Suppose -m - 1018 + 9561 = -4*b, -17086 = -2*m - 2*b. Is m prime?
True
Suppose 5*g = -5*b + 15, 4*g = 3*b + 10 + 2. Suppose -g*k + 4*i = -3191, -4*i + 328 = 2*k - 1826. Is k a prime number?
True
Suppose s - 3298 = 7909. Is s a prime number?
False
Let c(p) = 95*p**2 - 2*p + 1. Is c(-6) a composite number?
False
Suppose -j - 4320 = -14101. Is j prime?
True
Suppose -33583 - 32047 = -10*z. Is z composite?
False
Suppose -20*a - 15 = -25*a. Is 50 + a - (-4 + 2) prime?
False
Suppose -9 = -8*n + 5*n. Is (n + 22/(-6))/(2/(-4629)) composite?
False
Let r = -356 - -927. Is r a prime number?
True
Is 4*(-15)/20*-691 a prime number?
False
Let d be (-19 + 10)/(6/4). Let i(s) = -270*s + 13. Is i(d) a composite number?
True
Let q(v) = 223*v**2 + 5*v + 1. Let m be q(-5). Suppose 3*a = 16289 + m. Let i = a + -2863. Is i composite?
True
Let r(p) = 2*p**2 + 50*p + 55561. Is r(0) a composite number?
True
Let a = 209 - 789. Let n = 93 - a. Is n composite?
False
Let q = 26 + -22. Suppose -w + 5*w = 5*l - 1615, -618 = -2*l - q*w. Is l a composite number?
True
Let u = 3 + -6. Let b = u + 8. Suppose 2*c + 0*c - b*k = 31, 72 = 3*c + k. Is c a composite number?
False
Suppose -11 = 4*d - 4*t - 3, 3*t - 30 = -5*d. Suppose r - 3637 = -d*p, 3*p + r - 6059 = -2*p. Is p composite?
True
Let p(h) = -10*h + 16*h + 2*h**2 - h**2 + 2. Let q be p(-6). Suppose -2*a = 4*r - 390, -12 = -q*a - 2. Is r prime?
False
Let g = 13 - 10. Suppose -4*l + 2*u + 26 = 0, 2*l + g*l = -5*u + 10. Suppose 0 = -4*n + 2*z + 2076, -l*z - 1547 = -3*n - z. Is n a composite number?
False
Suppose 4*b - 14 = -2*y + 4, 3*y - 5*b = 16. Suppose 10*s - y*s - 435 = 0. Is s composite?
True
Is 10/(100/178190) - (-10 + 2) prime?
True
Suppose 0 = -l + 5, 2*l - 13 = 3*p - 3. Suppose 4*o - 1195 + 23 = p. Is o prime?
True
Let f be (-1)/(-6) + 21/(-18). Let t be 236*(f + 28/16). Suppose -j - 2*j = -t. Is j prime?
True
Let t = -5 - -7. Suppose t*y + 3*w - 1093 = -7074, -4*w = 4*y + 11964. Is y/(-18) + 12/(-54) composite?
True
Suppose 3*i - 12135 = -12*i. Is i a composite number?
False
Let r be 1 + (4 - 1 - 3) + 1. Suppose -4*b + 3*a + 16326 = 0, -r*a - 5757 = -4*b + 10571. Is b composite?
True
Let m be (-3)/(-7) - 78/(-14). Let a(j) = -2*j - 7 + 2*j**2 - 7*j - j**2 - m. Is a(-9) a prime number?
True
Suppose -11*f = -9*f - 786. Suppose -f = -j + 4*c, 3*j = -2*j + 3*c + 2033. Is j prime?
True
Let o = 3 - 0. Let u = 84 - 75. Suppose o*h = u*h - 222. Is h composite?
False
Suppose 12*a = -13512 + 96804. Is a a composite number?
True
Let c(j) = 551*j**2 + 49*j - 491. Is c(10) a prime number?
False
Suppose -2269*a + 2272*a - 44127 = 0. Is a prime?
False
Let h = -12727 + 18308. Is h composite?
False
Let w(u) = 54*u + 146. Let g be w(-8). Let j(d) = 45*d**2 + 5*d - 3. Let y be j(3). Let s = y + g. Is s a prime number?
True
Suppose 4*b = -8*b + 9000. Suppose -5*r + b = -920. Is r prime?
False
Suppose -3*j + z + 6 = -5*j, j + 6 = -2*z. Let o(i) = -41*i - 3. Is o(j) composite?
False
Let i = 10 + -7. Suppose i*g + g - 1028 = 0. Is g composite?
False
Let z be (613/(-2) + -2)*2. Suppose 2*j + 4*o - 800 = 5*j, 8 = 4*o. Let s = j - z. Is s composite?
False
Let f(n) = 802*n - 4. Let g be f(-2). Let k = g + 2503. Is k a composite number?
True
Let x(u) be the third derivative of 2*u**2 - 7/6*u**3 - 1/4*u**4 + 0 + 0*u. Is x(-7) composite?
True
Let c(f) = 5*f**3 + 7*f**2 - 4*f + 35. Is c(6) composite?
True
Let g = 5223 - -16154. Is g composite?
False
Suppose -2193 = -p - 5*m, 7*p - 4*p = 5*m + 6619. Is p prime?
True
Let m(r) = -878*r + 241. Is m(-7) a prime number?
False
Suppose -s + 15 = 2*s. Suppose -w = s - 2. Let n(h) = 11*h**2 + 2*h - 2. Is n(w) prime?
False
Let o(w) = -w**3 - w**2 - 6*w - 9. Let n = -13 - -15. Let x be (n + 2 + -2)*-4. Is o(x) composite?
False
Suppose 9*p - 33735 = -6*p. Is p a composite number?
True
Let d = 74 - 72. Suppose -4*u = -d*v + 266, -2*u - 502 = -4*v - 4*u. Is v a composite number?
False
Let r = -26 - -59. Let i = r + 134. Is i composite?
False
Let z(d) = -d**2 - 4*d + 39. Let l be z(-9). Let n(g) = -390*g - 7. Is n(l) composite?
False
Suppose 0 = -4*g - 11*j + 8*j + 22312, -g + 4*j = -5597. Is g composite?
False
Let j(w) = w**2 + 4*w - 9. Let k be j(-6). Suppose -k*c = c + 28. Let a(f) = -f**2 - 11*f - 6. Is a(c) prime?
False
Let c = -10 - -14. Suppose -2*j + 3*n = 2*j - 1520, -5*j + c*n = -1901. Is j composite?
True
Suppose 0 = 5*o - 20, -2*o = -4*a + 2*o. Suppose 9*c - a*c + 5 = 0. Is -211*(c + -2 - -2) prime?
True
Let l be (1/(-6))/((-3)/36). Suppose k + l*y = 987, 0 = -3*k - 3*y - y + 2959. Is k composite?
True
Suppose 0 = -5*k + 1002 + 1423. Let i = 679 - k. Is i prime?
False
Let h(v) = 5*v**2 + 4*v + 7. Suppose 4*r = -2*o - 12, -2*o - 2 = -o - 2*r. Let z be o*(1 - 4/(-8)). Is h(z) a composite number?
False
Let s(l) = -l**3 + 12*l**2 + 12*l + 16. Let h be s(13). Suppose -h*m = -8*m + 595. Is m a prime number?
False
Let l(z) = -7*z**2 + 4*z - 22. Let h(k) = -k**2 + k + 1. Let j(f) = 4*h(f) - l(f). Is j(-11) a composite number?
False
Let a be (-22)/77 - 290/14. Let f = a - -43. Suppose -2*m = -40 - f. Is m composite?
False
Suppose 0 = -s + 6*s + 3350. Let p be (4 - 2 - 365) + 0. Let q = p - s. Is q prime?
True
Let j(q) be the first derivative of q**4/4 - 3*q**3 - q**2 + 14*q + 4. Let w be j(10). Suppose -3*r = -s + w + 958, 4*s = -3*r + 4163. Is s composite?
True
Let m(w) be the third derivative of w**5/60 + w**4/4 + 11*w**3/3 - 10*w**2. Is m(15) a composite number?
False
Let h(b) = b**2 - 5*b - 26. Let y be h(7). Let o = y + 211. Is o a composite number?
False
Let m(r) = r + 82. Is m(-17) a composite number?
True
Let z be (-9)/5*(-6 + 1). Let w be ((-35)/2)/(z/(-954)). Suppose 4*b = l + 1323, 5*b - 3*l + 203 = w. Is b prime?
True
Let m(j) = 4*j**2 + 28*j - 319. Is m(19) a prime number?
True
Let c be ((-2)/(-3))/((-1)/(24/(-4))). Suppose c*p + x + 0*x = 2667, -p + 664 = 3*x. Is p composite?
True
Let k = -5 + 59. Let v = k - -35. Is v a prime number?
True
Let i(u) = 10*u**3 - 2*u**2 + u - 3. Is i(2) a composite number?
False
Suppose -t - 5*b - 70 = -20, -t = -4*b + 14. Let x = t - -29. Is (2 + -48 + -1)/x prime?
True
Let b = -36 + 30. Is 555 - 3*4/b prime?
True
Suppose h = 2*z + 12, 0*h - h = z. Suppose 0 = h*g + 3*g - 1239. Is g a composite number?
True
Let z be (-16 - 0)/((-5)/10). Is 3102/8 + 1 - (-8)/z composite?
False
Suppose 0 = -2*c + 5*i + 1433, 5*c - 4*i - 1385 = 2155. Is c/5 - 2/(-10) a prime number?
False
Let y = -1235 + 1944. Is y composite?
False
Let w(g) = -9*g + 6. Let j(t) = 10*t - 6. Let n(q) = 2*j(q) + 3*w(q). Let l be n(2). Is 10260/16 + 2/l composite?
False
Let p(d) = -2*d + 2. Suppose -5*z - 4*q = 20, -z + 5*q + 23 + 2 = 0. Let m be p(z). Suppose -3*w - m*w + 787 = -3*a, a = w - 159. Is w prime?
False
Let p = 39397 - 4100. Is p prime?
False
Suppose p - 5944 = -l, 11888 = -l + 3*l - 5*p. Suppose -7*w + l = w. Is w composite?
False
Suppose 2*v + 814028 = 70*v. Is v a prime number?
True
Let t = -42 + 39. Let g(x) = -10*x - 5*x - 14*x - 2. Is g(t) a composite number?
True
Let z = 30 + -27. Suppose -z*v = 3*v - 11910. Is v a composite number?
True
Let b be 1*((-16)/(-24) - 2/3). Suppose 4*i - 3189 = -i - 4*y, -4*y - 16 = b. Is i a composite number?
False
Let k(f) = 609*f - 53. Is k(18) a prime number?
True
Let w(a) = 12*a**2 + 62*a + 83. Is w(-24) prime?
True
Let j(t) = t**3 + t**2 + t - 5. Let m be j(0). Let v = -1 + m. Is -362*3/v*1 a prime number